 remainder when 1 + 31/1 + 2 is divided by f?
16
Suppose -4*g - 3*c + 344 = -5*c, 5*c + 430 = 5*g. Calculate the remainder when g is divided by 22.
20
Let q(f) = f + 113. Calculate the remainder when q(-18) is divided by 10.
5
Calculate the remainder when 519 is divided by 0/((4 - 3)*2) - -58.
55
What is the remainder when 1384/12*(-21)/(-14)*1 is divided by 35?
33
Let u = 18 + -18. Suppose -2*f = 3*n - u*n - 21, n = f + 2. Suppose 0 = 5*b - 5*j - 100, f*j - 9 = -0*j. What is the remainder when b is divided by 13?
10
Suppose 0 = -3*t + 348 + 351. Calculate the remainder when t is divided by 17.
12
Let i = 19 - -119. Calculate the remainder when i is divided by 72.
66
Let h be 4/((-6)/5 - -2). Suppose h*d + 132 = 8*d. What is the remainder when d is divided by 16?
12
Let m = 413 + -261. What is the remainder when m is divided by 52?
48
Suppose -390 + 376 = -o. What is the remainder when 670 is divided by o?
12
Suppose 0 = r - 3*y + 3, y = -3*r + 19 + 22. Suppose -5*o - 1 = 2*v, 4*v = -0*o - 2*o + 22. Calculate the remainder when r is divided by v.
5
Suppose 4*s - 32 - 7 = o, 48 = 5*s - 2*o. Suppose -s*i + 55 = i. Calculate the remainder when 22 is divided by i.
2
Let w = -326 - -350. What is the remainder when 61 is divided by w?
13
Let o be (-2)/(-9) + 792/81. Let p(h) = h**2 - 8*h - 10. Calculate the remainder when 28 is divided by p(o).
8
Let r be (4/(0 + 2))/(-1). Let b be r/(-8) - (-11)/4. Suppose -3 = -b*f, 4*f = 4*p + 3*f - 71. What is the remainder when p is divided by 10?
8
What is the remainder when 359 is divided by ((-360)/(-55) - 6) + 3628/44?
27
Let i(u) = -u**2 - 12*u + 33. What is the remainder when 258 is divided by i(-13)?
18
Suppose -5*c + 2*z + 20 + 134 = 0, -2*c + 54 = 3*z. Let b = c + -30. Calculate the remainder when 38 is divided by b/2 - (0 - 10).
8
Suppose -13*v = -5*s - 11*v + 113, 2*s = 5*v + 62. What is the remainder when 499 is divided by s?
16
What is the remainder when ((2 - 1)*3 - -100)/1 is divided by 21?
19
Let w(k) = k**2 - 3*k - 17. What is the remainder when 43 is divided by w(8)?
20
Suppose 2*f - 54 = 7*i - 12*i, 0 = -5*f + 5*i + 65. What is the remainder when 24 is divided by f?
7
Let i be ((-25)/(-15))/((-15)/(-18)). Suppose i*a - 2*d - 11 - 19 = 0, 0 = 5*a + 4*d - 48. Calculate the remainder when 30 is divided by a.
6
Let s be (-4)/6 - (-91)/(-21). Let h = 9 + s. Suppose -4*f = 3*v - 36, h*f = -5*v - 12 + 72. Calculate the remainder when 46 is divided by v.
10
Let h(k) = -k**3 + 5*k**2 + 3*k - 4. Let s = -3 - -7. Calculate the remainder when 95 is divided by h(s).
23
Suppose 50 = 5*v + g, 29*v - 33*v - 3*g + 51 = 0. What is the remainder when 304 is divided by v?
7
Let q(s) = -7*s**3 + 2*s**2 - 6*s - 15. Let v(p) = -p**3 - p**2. Let z(c) = -q(c) + 6*v(c). Calculate the remainder when 36 is divided by z(7).
4
Let y = 240 - 143. What is the remainder when y is divided by 39?
19
Let n be 2 + 12/(-4) + 0. What is the remainder when 0/(-4) - (-58 + n) is divided by 31?
28
Suppose 7*i - 12*i - 115 = -3*t, -2*t + 62 = 4*i. What is the remainder when 68 is divided by t?
33
Suppose -67*h = -40*h - 513. What is the remainder when 200 is divided by h?
10
Let x(o) = -6*o + 21. Let t be x(3). Suppose 0 = -3*d + 2*d. Suppose q - t - 11 = d. Calculate the remainder when 41 is divided by q.
13
Let r(c) = -c**3 + 17*c**2 - 24*c - 8. What is the remainder when r(11) is divided by 152?
150
Let y = -43 + 73. Let s = y - 15. What is the remainder when 56 is divided by s?
11
Suppose 2*j - 7*j + 134 = 2*n, 3*n - 188 = -j. What is the remainder when 66 is divided by n?
4
Let r(f) = -12*f - 5. Let v be -9 + -3*4/12. Calculate the remainder when r(v) is divided by 40.
35
Suppose v - 1 = 1. Suppose -121 = -5*m + q - 4*q, -v*m + 5*q = -36. What is the remainder when m is divided by 13?
10
Let y be 3/(-4)*300/(-9). Let j(s) = -2*s**3 - s**2 + 2*s + 3. Let n be j(-2). Suppose z = -n + y. Calculate the remainder when 27 is divided by z.
13
Let c = -10894 + 10900. Calculate the remainder when (-51)/1*(0 + -1) is divided by c.
3
Let c(x) = x**2 + 7*x + 8. Let j be c(-4). What is the remainder when 12 is divided by (-2 - j)/(1/4)?
4
Let u(f) = -5*f - 11. Let p be u(-8). Let z = -16 + p. What is the remainder when z is divided by 8?
5
Suppose 2*s = -3*c - 221, 5*s + 3*c = 4*c - 578. Suppose 6*k = -4*k - 820. Let x = k - s. Calculate the remainder when x is divided by 12.
9
Suppose -3*y - y = 20. Let k(n) = 3*n + 2*n**2 + 8*n - 11 + 3*n - 18*n. What is the remainder when k(y) is divided by 20?
19
Let k = 264 - 249. Calculate the remainder when 124 is divided by k.
4
Calculate the remainder when 7 is divided by (-4)/(-6) + (-65)/(-15) + -2.
1
Suppose -1605 = -5*g - 10*g. Calculate the remainder when g is divided by 6.
5
Suppose 4*k - 32 = 244. Let q(y) = -y**2 + 2 + 25 + 2*y**2 - 2*y**2 + 8*y. What is the remainder when k is divided by q(9)?
15
Let u = -3 - -3. Suppose u*k - 35 = -k. What is the remainder when k is divided by 12?
11
Let m = -132 - -140. Calculate the remainder when 142 is divided by m.
6
Let s(d) = 3*d**3 - 6*d**2 + 17*d - 73. What is the remainder when s(5) is divided by 110?
17
Let x(v) = 11*v - 6. Let l(r) = -21*r + 13. Let f(s) = 4*l(s) + 7*x(s). Let t be f(3). Let y = 35 + t. What is the remainder when y is divided by 9?
6
Suppose 15 = -3*o, -3*t + 442 = -0*t + 4*o. Suppose -40 = 15*b - 16*b. Calculate the remainder when t is divided by b.
34
Let p = -106 - -109. Suppose h - p = 23. Calculate the remainder when 128 is divided by h.
24
Suppose -5*n + 183 = 3*h, 0 = -4*h + 4 - 0. Calculate the remainder when 139 is divided by n.
31
Suppose -3 = 6*x - 285. Suppose 100*o = 95*o + 40. What is the remainder when x is divided by o?
7
Let c = -895 - -912. What is the remainder when 129 is divided by c?
10
Let f = 63 + -63. Suppose -4*w = -f*w - 60. What is the remainder when w is divided by 8?
7
Suppose 1287 = -59*s + 72*s. What is the remainder when s is divided by 36?
27
Suppose 4*k = -5*r - 11, -5*k + r + 20 = -4*r. Let s be (8/24)/(k/6). Calculate the remainder when (0 + s)*(-67)/(-2) is divided by 17.
16
Calculate the remainder when (-1834)/(-30) + 40/(-300) is divided by 12.
1
Let d = -1505 - -1532. What is the remainder when 92 is divided by d?
11
Let w = 1391 + -1366. What is the remainder when 124 is divided by w?
24
Let n(z) = z. Let t(g) = -44*g + 30. Let a(k) = 8*n(k) - t(k). Calculate the remainder when a(4) is divided by 30.
28
Let w(n) = -n**2 - 5*n + 10. Let s be w(-7). Suppose 33*l - 27*l = 162. What is the remainder when l is divided by (14/s)/(2/(-4))?
6
Let j(h) = -2 + 2 - 3*h + 9*h. Calculate the remainder when 69 is divided by j(6).
33
Let v be 2/(-8) + 386/8. Suppose 0 = o + 5*h + 16, -3*o - h = -3 - 5. Let t = v - o. Calculate the remainder when t is divided by 15.
14
Let z be 24/9 + 8/(-12) - -3. Suppose -2*o + 276 = z*t, -2*o + 164 = t + 2*t. What is the remainder when t is divided by 15?
11
Suppose 3*y - 4*m - 124 = 0, 0 = -y - 2*m + 24 + 14. Let d = -9658 - -9670. What is the remainder when y is divided by d?
4
Suppose -2*g = -4*g + 36. Let b = -53 - -28. What is the remainder when ((-49)/(-35))/((-1)/b) is divided by g?
17
Suppose -5*y + 3*k = -y - 84, 4*y = -3*k + 84. Suppose -90 = -0*q - q - 4*t, 0 = -4*q + 4*t + 300. What is the remainder when q is divided by y?
15
Calculate the remainder when 39 is divided by 60/(-200) + 63/10.
3
What is the remainder when ((-144)/(-15))/(-6)*(-4 - 61) is divided by 55?
49
Let c(k) = -k**3 + 20*k**2 + 28*k - 36. Calculate the remainder when c(21) is divided by 57.
54
Let u(j) = -8*j**3 - 4. Let y be u(-2). Suppose 5*q - y = 5*d, 0 = -q + 4*d + 22 - 1. Calculate the remainder when 33 is divided by q.
6
Suppose -4*x - 187 = -3*v, 5*x = x + 20. What is the remainder when 286 is divided by v?
10
Let n(i) = -10*i + 113. What is the remainder when n(9) is divided by 4?
3
Let w = -6 + 9. Calculate the remainder when (-1)/2 + 59/2 is divided by 12*2/9*w.
5
Calculate the remainder when 45 is divided by 474/20 - 549/(-1830).
21
Suppose 2*p + 5 = -4*l + 17, -17 = -l + 3*p. Suppose -l*y + 163 = -27. Calculate the remainder when y is divided by 10.
8
Let c be (-4)/(-6) - (3 + (-284)/6). Suppose 10 + c = 5*v. What is the remainder when v is divided by 4?
3
Suppose 4*j 